{"id":1158,"date":"2022-04-12T10:03:32","date_gmt":"2022-04-12T08:03:32","guid":{"rendered":"https:\/\/institutodewushu.com\/?page_id=1158"},"modified":"2022-04-12T10:05:24","modified_gmt":"2022-04-12T08:05:24","slug":"valores-de-la-escuela","status":"publish","type":"page","link":"https:\/\/institutodewushu.com\/index.php\/valores-de-la-escuela\/","title":{"rendered":"Valores de la Escuela"},"content":{"rendered":"\n<div class=\"wp-block-media-text alignwide is-stacked-on-mobile\"><figure class=\"wp-block-media-text__media\"><img loading=\"lazy\" width=\"945\" height=\"650\" src=\"https:\/\/institutodewushu.com\/wp-content\/uploads\/2022\/04\/PAI-WEI-Diploma-hanzi-castellano-1.png\" alt=\"\" class=\"wp-image-1161 size-full\" srcset=\"https:\/\/institutodewushu.com\/wp-content\/uploads\/2022\/04\/PAI-WEI-Diploma-hanzi-castellano-1.png 945w, https:\/\/institutodewushu.com\/wp-content\/uploads\/2022\/04\/PAI-WEI-Diploma-hanzi-castellano-1-300x206.png 300w, https:\/\/institutodewushu.com\/wp-content\/uploads\/2022\/04\/PAI-WEI-Diploma-hanzi-castellano-1-768x528.png 768w\" sizes=\"(max-width: 945px) 100vw, 945px\" \/><\/figure><div class=\"wp-block-media-text__content\">\n<p class=\"has-large-font-size\">PAI WEI paiwei \u724c\u4f4d<\/p>\n\n\n\n<p>Pai Wei es el nombre que recibe la placa roja que se coloca en los altares de las escuelas de Kung Fu, y<br>tambi\u00e9n en las casas tradicionales de China.<br>Es una tradici\u00f3n de ra\u00edces confucionistas, donde se homenajea a los ancestros, y en el caso de las escuelas<br>de Wu Shu, evoca tambi\u00e9n la tradici\u00f3n maestro-disc\u00edpulo, la cadena que trasmite el conocimiento a trav\u00e9s<br>de las generaciones.<br>Contiene algunos refranes o poes\u00edas que reflejan la \u00e9tica y los valores de la escuela.<\/p>\n<\/div><\/div>\n","protected":false},"excerpt":{"rendered":"<p>PAI WEI paiwei \u724c\u4f4d Pai Wei es el nombre que recibe la placa roja que se coloca en los altares de las escuelas de Kung Fu, ytambi\u00e9n en las casas tradicionales de China.Es una tradici\u00f3n de ra\u00edces confucionistas, donde se homenajea a los ancestros, y en el caso de las escuelasde Wu Shu, evoca tambi\u00e9n [&hellip;]<\/p>\n","protected":false},"author":3,"featured_media":0,"parent":0,"menu_order":0,"comment_status":"closed","ping_status":"closed","template":"","meta":[],"aioseo_notices":[],"_links":{"self":[{"href":"https:\/\/institutodewushu.com\/index.php\/wp-json\/wp\/v2\/pages\/1158"}],"collection":[{"href":"https:\/\/institutodewushu.com\/index.php\/wp-json\/wp\/v2\/pages"}],"about":[{"href":"https:\/\/institutodewushu.com\/index.php\/wp-json\/wp\/v2\/types\/page"}],"author":[{"embeddable":true,"href":"https:\/\/institutodewushu.com\/index.php\/wp-json\/wp\/v2\/users\/3"}],"replies":[{"embeddable":true,"href":"https:\/\/institutodewushu.com\/index.php\/wp-json\/wp\/v2\/comments?post=1158"}],"version-history":[{"count":3,"href":"https:\/\/institutodewushu.com\/index.php\/wp-json\/wp\/v2\/pages\/1158\/revisions"}],"predecessor-version":[{"id":1162,"href":"https:\/\/institutodewushu.com\/index.php\/wp-json\/wp\/v2\/pages\/1158\/revisions\/1162"}],"wp:attachment":[{"href":"https:\/\/institutodewushu.com\/index.php\/wp-json\/wp\/v2\/media?parent=1158"}],"curies":[{"name":"wp","href":"https:\/\/api.w.org\/{rel}","templated":true}]}}