{"id":93,"date":"2019-07-20T14:26:35","date_gmt":"2019-07-20T13:26:35","guid":{"rendered":"http:\/\/institutodewushu.com\/?page_id=93"},"modified":"2022-04-22T17:49:29","modified_gmt":"2022-04-22T15:49:29","slug":"material-deportivo","status":"publish","type":"page","link":"https:\/\/institutodewushu.com\/index.php\/material-deportivo\/","title":{"rendered":"Armas de Wushu"},"content":{"rendered":"\n<p>\n<h3>Armas orientales<\/h3>\nArmas y complementos de competici\u00f3n, tradicional y de exhibici\u00f3n. \nArmas de acero ligero flexible, r\u00edgido y pesado.\n<\/p>\n\n\n\n<figure class=\"wp-block-image is-resized\"><img loading=\"lazy\" src=\"http:\/\/institutodewushu.com\/wp-content\/uploads\/2019\/07\/arm1.jpg\" alt=\"\" class=\"wp-image-546\" width=\"781\" height=\"254\" srcset=\"https:\/\/institutodewushu.com\/wp-content\/uploads\/2019\/07\/arm1.jpg 490w, https:\/\/institutodewushu.com\/wp-content\/uploads\/2019\/07\/arm1-300x98.jpg 300w\" sizes=\"(max-width: 781px) 100vw, 781px\" \/><\/figure>\n\n\n\n<p>\n<h3>Armas occidentales<\/h3>\nDagas, hachas, cascos, escudos, petos, vestuarios, espadines y complementos.\nArmas de acero ligero flexible, r\u00edgido y pesado.\n<\/p>\n\n\n\n<p><\/p>\n","protected":false},"excerpt":{"rendered":"<p>Armas orientales Armas y complementos de competici\u00f3n, tradicional y de exhibici\u00f3n. Armas de acero ligero flexible, r\u00edgido y pesado. Armas occidentales Dagas, hachas, cascos, escudos, petos, vestuarios, espadines y complementos. Armas de acero ligero flexible, r\u00edgido y pesado.<\/p>\n","protected":false},"author":1,"featured_media":0,"parent":0,"menu_order":0,"comment_status":"closed","ping_status":"closed","template":"","meta":[],"aioseo_notices":[],"_links":{"self":[{"href":"https:\/\/institutodewushu.com\/index.php\/wp-json\/wp\/v2\/pages\/93"}],"collection":[{"href":"https:\/\/institutodewushu.com\/index.php\/wp-json\/wp\/v2\/pages"}],"about":[{"href":"https:\/\/institutodewushu.com\/index.php\/wp-json\/wp\/v2\/types\/page"}],"author":[{"embeddable":true,"href":"https:\/\/institutodewushu.com\/index.php\/wp-json\/wp\/v2\/users\/1"}],"replies":[{"embeddable":true,"href":"https:\/\/institutodewushu.com\/index.php\/wp-json\/wp\/v2\/comments?post=93"}],"version-history":[{"count":6,"href":"https:\/\/institutodewushu.com\/index.php\/wp-json\/wp\/v2\/pages\/93\/revisions"}],"predecessor-version":[{"id":1172,"href":"https:\/\/institutodewushu.com\/index.php\/wp-json\/wp\/v2\/pages\/93\/revisions\/1172"}],"wp:attachment":[{"href":"https:\/\/institutodewushu.com\/index.php\/wp-json\/wp\/v2\/media?parent=93"}],"curies":[{"name":"wp","href":"https:\/\/api.w.org\/{rel}","templated":true}]}}